{"id":9832,"date":"2023-06-24T09:22:01","date_gmt":"2023-06-24T09:22:01","guid":{"rendered":"https:\/\/www.centrocliniconemo.it\/?post_type=patologie&#038;p=9832"},"modified":"2023-09-26T16:41:04","modified_gmt":"2023-09-26T16:41:04","slug":"sindrome-di-guillain-barre","status":"publish","type":"patologie","link":"https:\/\/www.centrocliniconemo.it\/en\/cura-e-ricerca\/patologie\/sindrome-di-guillain-barre\/","title":{"rendered":"Sindrome di Guillain-Barr\u00e9"},"content":{"rendered":"\n<p>La sindrome di Guillain-Barr\u00e9 \u00e8 una malattia infiammatoria acuta dei nervi che causa debolezza muscolare e lieve perdita di sensibilit\u00e0. La sua causa sembra essere di natura autoimmune. \u00c8 la forma pi\u00f9 comune di neuropatia infiammatoria acquisita e presenta diverse varianti. La maggior parte dei pazienti mostra una paralisi flaccida, con sintomi principalmente nella parte inferiore del corpo che possono progredire verso le braccia. La debolezza muscolare \u00e8 simmetrica e associata a parestesie. La massima debolezza si verifica di solito dopo 3-4 settimane e i riflessi osteotendinei sono aboliti. La malattia di solito dura alcune settimane e poi si risolve. I muscoli del viso e dell&#8217;area orofaringea sono spesso colpiti nei casi gravi, portando a problemi di idratazione e nutrizione. In circa il 5-10% dei casi, pu\u00f2 verificarsi una grave paralisi respiratoria che richiede un&#8217;intubazione e una ventilazione meccanica. In alcuni pazienti, soprattutto in una variante rara, possono verificarsi disfunzioni autonomiche potenzialmente pericolose, come fluttuazioni della pressione arteriosa, secrezione inappropriata di ormone antidiuretico, aritmie cardiache, problemi gastrointestinali, ritenzione urinaria e variazioni del diametro pupillare. Una variante meno comune chiamata sindrome di Fisher o sindrome di Miller-Fisher causa principalmente problemi agli occhi, atassia e assenza di riflessi.<\/p>\n","protected":false},"excerpt":{"rendered":"<p>La sindrome di Guillain-Barr\u00e9 \u00e8 una malattia infiammatoria acuta dei nervi che causa debolezza muscolare e lieve perdita di sensibilit\u00e0. La sua causa sembra essere di natura autoimmune. \u00c8 la forma pi\u00f9 comune di neuropatia infiammatoria acquisita e presenta diverse varianti. La maggior parte dei pazienti mostra una paralisi flaccida, con sintomi principalmente nella parte [&hellip;]<\/p>\n","protected":false},"author":3,"featured_media":0,"menu_order":0,"template":"","format":"standard","meta":{"pgc_sgb_lightbox_settings":"","footnotes":""},"categoria-patologia":[],"class_list":["post-9832","patologie","type-patologie","status-publish","format-standard","hentry"],"yoast_head":"<!-- This site is optimized with the Yoast SEO plugin v27.4 - https:\/\/yoast.com\/product\/yoast-seo-wordpress\/ -->\n<title>Sindrome di Guillain-Barr\u00e9 - Centro Clinico NeMO<\/title>\n<meta name=\"robots\" content=\"index, follow, max-snippet:-1, max-image-preview:large, max-video-preview:-1\" \/>\n<link rel=\"canonical\" href=\"https:\/\/www.centrocliniconemo.it\/en\/cura-e-ricerca\/patologie\/sindrome-di-guillain-barre\/\" \/>\n<meta property=\"og:locale\" content=\"en_US\" \/>\n<meta property=\"og:type\" content=\"article\" \/>\n<meta property=\"og:title\" content=\"Sindrome di Guillain-Barr\u00e9 - Centro Clinico NeMO\" \/>\n<meta property=\"og:description\" content=\"La sindrome di Guillain-Barr\u00e9 \u00e8 una malattia infiammatoria acuta dei nervi che causa debolezza muscolare e lieve perdita di sensibilit\u00e0. La sua causa sembra essere di natura autoimmune. \u00c8 la forma pi\u00f9 comune di neuropatia infiammatoria acquisita e presenta diverse varianti. La maggior parte dei pazienti mostra una paralisi flaccida, con sintomi principalmente nella parte [&hellip;]\" \/>\n<meta property=\"og:url\" content=\"https:\/\/www.centrocliniconemo.it\/en\/cura-e-ricerca\/patologie\/sindrome-di-guillain-barre\/\" \/>\n<meta property=\"og:site_name\" content=\"Centro Clinico NeMO\" \/>\n<meta property=\"article:publisher\" content=\"https:\/\/www.facebook.com\/CentroNEMOItalia\" \/>\n<meta property=\"article:modified_time\" content=\"2023-09-26T16:41:04+00:00\" \/>\n<meta property=\"og:image\" content=\"https:\/\/www.centrocliniconemo.it\/wp-content\/uploads\/2023\/07\/prevsoc.jpg\" \/>\n\t<meta property=\"og:image:width\" content=\"1200\" \/>\n\t<meta property=\"og:image:height\" content=\"630\" \/>\n\t<meta property=\"og:image:type\" content=\"image\/jpeg\" \/>\n<meta name=\"twitter:card\" content=\"summary_large_image\" \/>\n<meta name=\"twitter:site\" content=\"@CentroNemo\" \/>\n<meta name=\"twitter:label1\" content=\"Est. reading time\" \/>\n\t<meta name=\"twitter:data1\" content=\"1 minute\" \/>\n<script type=\"application\/ld+json\" class=\"yoast-schema-graph\">{\"@context\":\"https:\\\/\\\/schema.org\",\"@graph\":[{\"@type\":\"WebPage\",\"@id\":\"https:\\\/\\\/www.centrocliniconemo.it\\\/en\\\/cura-e-ricerca\\\/patologie\\\/sindrome-di-guillain-barre\\\/\",\"url\":\"https:\\\/\\\/www.centrocliniconemo.it\\\/en\\\/cura-e-ricerca\\\/patologie\\\/sindrome-di-guillain-barre\\\/\",\"name\":\"Sindrome di Guillain-Barr\u00e9 - Centro Clinico NeMO\",\"isPartOf\":{\"@id\":\"https:\\\/\\\/www.centrocliniconemo.it\\\/en\\\/#website\"},\"datePublished\":\"2023-06-24T09:22:01+00:00\",\"dateModified\":\"2023-09-26T16:41:04+00:00\",\"breadcrumb\":{\"@id\":\"https:\\\/\\\/www.centrocliniconemo.it\\\/en\\\/cura-e-ricerca\\\/patologie\\\/sindrome-di-guillain-barre\\\/#breadcrumb\"},\"inLanguage\":\"en-US\",\"potentialAction\":[{\"@type\":\"ReadAction\",\"target\":[\"https:\\\/\\\/www.centrocliniconemo.it\\\/en\\\/cura-e-ricerca\\\/patologie\\\/sindrome-di-guillain-barre\\\/\"]}]},{\"@type\":\"BreadcrumbList\",\"@id\":\"https:\\\/\\\/www.centrocliniconemo.it\\\/en\\\/cura-e-ricerca\\\/patologie\\\/sindrome-di-guillain-barre\\\/#breadcrumb\",\"itemListElement\":[{\"@type\":\"ListItem\",\"position\":1,\"name\":\"Home\",\"item\":\"https:\\\/\\\/www.centrocliniconemo.it\\\/en\\\/\"},{\"@type\":\"ListItem\",\"position\":2,\"name\":\"Pathologies\",\"item\":\"https:\\\/\\\/www.centrocliniconemo.it\\\/en\\\/care-and-research\\\/pathologies\\\/\"},{\"@type\":\"ListItem\",\"position\":3,\"name\":\"Sindrome di Guillain-Barr\u00e9\"}]},{\"@type\":\"WebSite\",\"@id\":\"https:\\\/\\\/www.centrocliniconemo.it\\\/en\\\/#website\",\"url\":\"https:\\\/\\\/www.centrocliniconemo.it\\\/en\\\/\",\"name\":\"Centro Clinico NeMO\",\"description\":\"Il paziente al centro\",\"publisher\":{\"@id\":\"https:\\\/\\\/www.centrocliniconemo.it\\\/en\\\/#organization\"},\"potentialAction\":[{\"@type\":\"SearchAction\",\"target\":{\"@type\":\"EntryPoint\",\"urlTemplate\":\"https:\\\/\\\/www.centrocliniconemo.it\\\/en\\\/?s={search_term_string}\"},\"query-input\":{\"@type\":\"PropertyValueSpecification\",\"valueRequired\":true,\"valueName\":\"search_term_string\"}}],\"inLanguage\":\"en-US\"},{\"@type\":\"Organization\",\"@id\":\"https:\\\/\\\/www.centrocliniconemo.it\\\/en\\\/#organization\",\"name\":\"Centro Clinico NeMO - Fondazione Serena Onlus\",\"url\":\"https:\\\/\\\/www.centrocliniconemo.it\\\/en\\\/\",\"logo\":{\"@type\":\"ImageObject\",\"inLanguage\":\"en-US\",\"@id\":\"https:\\\/\\\/www.centrocliniconemo.it\\\/en\\\/#\\\/schema\\\/logo\\\/image\\\/\",\"url\":\"https:\\\/\\\/www.centrocliniconemo.it\\\/wp-content\\\/uploads\\\/2023\\\/03\\\/logo-nemo.svg\",\"contentUrl\":\"https:\\\/\\\/www.centrocliniconemo.it\\\/wp-content\\\/uploads\\\/2023\\\/03\\\/logo-nemo.svg\",\"width\":272,\"height\":109.142,\"caption\":\"Centro Clinico NeMO - Fondazione Serena Onlus\"},\"image\":{\"@id\":\"https:\\\/\\\/www.centrocliniconemo.it\\\/en\\\/#\\\/schema\\\/logo\\\/image\\\/\"},\"sameAs\":[\"https:\\\/\\\/www.facebook.com\\\/CentroNEMOItalia\",\"https:\\\/\\\/x.com\\\/CentroNemo\",\"https:\\\/\\\/www.linkedin.com\\\/company\\\/centrocliniconemo\\\/\",\"https:\\\/\\\/www.instagram.com\\\/centrocliniconemo\\\/\"]}]}<\/script>\n<!-- \/ Yoast SEO plugin. -->","yoast_head_json":{"title":"Sindrome di Guillain-Barr\u00e9 - Centro Clinico NeMO","robots":{"index":"index","follow":"follow","max-snippet":"max-snippet:-1","max-image-preview":"max-image-preview:large","max-video-preview":"max-video-preview:-1"},"canonical":"https:\/\/www.centrocliniconemo.it\/en\/cura-e-ricerca\/patologie\/sindrome-di-guillain-barre\/","og_locale":"en_US","og_type":"article","og_title":"Sindrome di Guillain-Barr\u00e9 - Centro Clinico NeMO","og_description":"La sindrome di Guillain-Barr\u00e9 \u00e8 una malattia infiammatoria acuta dei nervi che causa debolezza muscolare e lieve perdita di sensibilit\u00e0. La sua causa sembra essere di natura autoimmune. \u00c8 la forma pi\u00f9 comune di neuropatia infiammatoria acquisita e presenta diverse varianti. La maggior parte dei pazienti mostra una paralisi flaccida, con sintomi principalmente nella parte [&hellip;]","og_url":"https:\/\/www.centrocliniconemo.it\/en\/cura-e-ricerca\/patologie\/sindrome-di-guillain-barre\/","og_site_name":"Centro Clinico NeMO","article_publisher":"https:\/\/www.facebook.com\/CentroNEMOItalia","article_modified_time":"2023-09-26T16:41:04+00:00","og_image":[{"width":1200,"height":630,"url":"https:\/\/www.centrocliniconemo.it\/wp-content\/uploads\/2023\/07\/prevsoc.jpg","type":"image\/jpeg"}],"twitter_card":"summary_large_image","twitter_site":"@CentroNemo","twitter_misc":{"Est. reading time":"1 minute"},"schema":{"@context":"https:\/\/schema.org","@graph":[{"@type":"WebPage","@id":"https:\/\/www.centrocliniconemo.it\/en\/cura-e-ricerca\/patologie\/sindrome-di-guillain-barre\/","url":"https:\/\/www.centrocliniconemo.it\/en\/cura-e-ricerca\/patologie\/sindrome-di-guillain-barre\/","name":"Sindrome di Guillain-Barr\u00e9 - Centro Clinico NeMO","isPartOf":{"@id":"https:\/\/www.centrocliniconemo.it\/en\/#website"},"datePublished":"2023-06-24T09:22:01+00:00","dateModified":"2023-09-26T16:41:04+00:00","breadcrumb":{"@id":"https:\/\/www.centrocliniconemo.it\/en\/cura-e-ricerca\/patologie\/sindrome-di-guillain-barre\/#breadcrumb"},"inLanguage":"en-US","potentialAction":[{"@type":"ReadAction","target":["https:\/\/www.centrocliniconemo.it\/en\/cura-e-ricerca\/patologie\/sindrome-di-guillain-barre\/"]}]},{"@type":"BreadcrumbList","@id":"https:\/\/www.centrocliniconemo.it\/en\/cura-e-ricerca\/patologie\/sindrome-di-guillain-barre\/#breadcrumb","itemListElement":[{"@type":"ListItem","position":1,"name":"Home","item":"https:\/\/www.centrocliniconemo.it\/en\/"},{"@type":"ListItem","position":2,"name":"Pathologies","item":"https:\/\/www.centrocliniconemo.it\/en\/care-and-research\/pathologies\/"},{"@type":"ListItem","position":3,"name":"Sindrome di Guillain-Barr\u00e9"}]},{"@type":"WebSite","@id":"https:\/\/www.centrocliniconemo.it\/en\/#website","url":"https:\/\/www.centrocliniconemo.it\/en\/","name":"Centro Clinico NeMO","description":"Il paziente al centro","publisher":{"@id":"https:\/\/www.centrocliniconemo.it\/en\/#organization"},"potentialAction":[{"@type":"SearchAction","target":{"@type":"EntryPoint","urlTemplate":"https:\/\/www.centrocliniconemo.it\/en\/?s={search_term_string}"},"query-input":{"@type":"PropertyValueSpecification","valueRequired":true,"valueName":"search_term_string"}}],"inLanguage":"en-US"},{"@type":"Organization","@id":"https:\/\/www.centrocliniconemo.it\/en\/#organization","name":"Centro Clinico NeMO - Fondazione Serena Onlus","url":"https:\/\/www.centrocliniconemo.it\/en\/","logo":{"@type":"ImageObject","inLanguage":"en-US","@id":"https:\/\/www.centrocliniconemo.it\/en\/#\/schema\/logo\/image\/","url":"https:\/\/www.centrocliniconemo.it\/wp-content\/uploads\/2023\/03\/logo-nemo.svg","contentUrl":"https:\/\/www.centrocliniconemo.it\/wp-content\/uploads\/2023\/03\/logo-nemo.svg","width":272,"height":109.142,"caption":"Centro Clinico NeMO - Fondazione Serena Onlus"},"image":{"@id":"https:\/\/www.centrocliniconemo.it\/en\/#\/schema\/logo\/image\/"},"sameAs":["https:\/\/www.facebook.com\/CentroNEMOItalia","https:\/\/x.com\/CentroNemo","https:\/\/www.linkedin.com\/company\/centrocliniconemo\/","https:\/\/www.instagram.com\/centrocliniconemo\/"]}]}},"_links":{"self":[{"href":"https:\/\/www.centrocliniconemo.it\/en\/wp-json\/wp\/v2\/patologie\/9832","targetHints":{"allow":["GET"]}}],"collection":[{"href":"https:\/\/www.centrocliniconemo.it\/en\/wp-json\/wp\/v2\/patologie"}],"about":[{"href":"https:\/\/www.centrocliniconemo.it\/en\/wp-json\/wp\/v2\/types\/patologie"}],"author":[{"embeddable":true,"href":"https:\/\/www.centrocliniconemo.it\/en\/wp-json\/wp\/v2\/users\/3"}],"version-history":[{"count":0,"href":"https:\/\/www.centrocliniconemo.it\/en\/wp-json\/wp\/v2\/patologie\/9832\/revisions"}],"wp:attachment":[{"href":"https:\/\/www.centrocliniconemo.it\/en\/wp-json\/wp\/v2\/media?parent=9832"}],"wp:term":[{"taxonomy":"categoria-patologia","embeddable":true,"href":"https:\/\/www.centrocliniconemo.it\/en\/wp-json\/wp\/v2\/categoria-patologia?post=9832"}],"curies":[{"name":"wp","href":"https:\/\/api.w.org\/{rel}","templated":true}]}}

Sindrome di Guillain-Barré

<p>La sindrome di Guillain-Barré è una malattia infiammatoria acuta dei nervi che causa debolezza muscolare e lieve perdita di sensibilità. La sua causa sembra essere di natura autoimmune. È la forma più comune di neuropatia infiammatoria acquisita e presenta diverse varianti. La maggior parte dei pazienti mostra una paralisi flaccida, con sintomi principalmente nella parte inferiore del corpo che possono progredire verso le braccia. La debolezza muscolare è simmetrica e associata a parestesie. La massima debolezza si verifica di solito dopo 3-4 settimane e i riflessi osteotendinei sono aboliti. La malattia di solito dura alcune settimane e poi si risolve. I muscoli del viso e dell&#8217;area orofaringea sono spesso colpiti nei casi gravi, portando a problemi di idratazione e nutrizione. In circa il 5-10% dei casi, può verificarsi una grave paralisi respiratoria che richiede un&#8217;intubazione e una ventilazione meccanica. In alcuni pazienti, soprattutto in una variante rara, possono verificarsi disfunzioni autonomiche potenzialmente pericolose, come fluttuazioni della pressione arteriosa, secrezione inappropriata di ormone antidiuretico, aritmie cardiache, problemi gastrointestinali, ritenzione urinaria e variazioni del diametro pupillare. Una variante meno comune chiamata sindrome di Fisher o sindrome di Miller-Fisher causa principalmente problemi agli occhi, atassia e assenza di riflessi.</p>

<p>La sindrome di Guillain-Barré è una malattia infiammatoria acuta dei nervi che causa debolezza muscolare e lieve perdita di sensibilità. La sua causa sembra essere di natura autoimmune. È la forma più comune di neuropatia infiammatoria acquisita e presenta diverse varianti. La maggior parte dei pazienti mostra una paralisi flaccida, con sintomi principalmente nella parte [&hellip;]</p>

<!-- This site is optimized with the Yoast SEO plugin v27.4 - https://yoast.com/product/yoast-seo-wordpress/ -->
<title>Sindrome di Guillain-Barré - Centro Clinico NeMO</title>
<meta name="robots" content="index, follow, max-snippet:-1, max-image-preview:large, max-video-preview:-1" />
<link rel="canonical" href="https://www.centrocliniconemo.it/en/cura-e-ricerca/patologie/sindrome-di-guillain-barre/" />
<meta property="og:locale" content="en_US" />
<meta property="og:type" content="article" />
<meta property="og:title" content="Sindrome di Guillain-Barré - Centro Clinico NeMO" />
<meta property="og:description" content="La sindrome di Guillain-Barré è una malattia infiammatoria acuta dei nervi che causa debolezza muscolare e lieve perdita di sensibilità. La sua causa sembra essere di natura autoimmune. È la forma più comune di neuropatia infiammatoria acquisita e presenta diverse varianti. La maggior parte dei pazienti mostra una paralisi flaccida, con sintomi principalmente nella parte [&hellip;]" />
<meta property="og:url" content="https://www.centrocliniconemo.it/en/cura-e-ricerca/patologie/sindrome-di-guillain-barre/" />
<meta property="og:site_name" content="Centro Clinico NeMO" />
<meta property="article:publisher" content="https://www.facebook.com/CentroNEMOItalia" />
<meta property="article:modified_time" content="2023-09-26T16:41:04+00:00" />
<meta property="og:image" content="https://www.centrocliniconemo.it/wp-content/uploads/2023/07/prevsoc.jpg" />
	<meta property="og:image:width" content="1200" />
	<meta property="og:image:height" content="630" />
	<meta property="og:image:type" content="image/jpeg" />
<meta name="twitter:card" content="summary_large_image" />
<meta name="twitter:site" content="@CentroNemo" />
<meta name="twitter:label1" content="Est. reading time" />
	<meta name="twitter:data1" content="1 minute" />
<script type="application/ld+json" class="yoast-schema-graph">{"@context":"https:\/\/schema.org","@graph":[{"@type":"WebPage","@id":"https:\/\/www.centrocliniconemo.it\/en\/cura-e-ricerca\/patologie\/sindrome-di-guillain-barre\/","url":"https:\/\/www.centrocliniconemo.it\/en\/cura-e-ricerca\/patologie\/sindrome-di-guillain-barre\/","name":"Sindrome di Guillain-Barré - Centro Clinico NeMO","isPartOf":{"@id":"https:\/\/www.centrocliniconemo.it\/en\/#website"},"datePublished":"2023-06-24T09:22:01+00:00","dateModified":"2023-09-26T16:41:04+00:00","breadcrumb":{"@id":"https:\/\/www.centrocliniconemo.it\/en\/cura-e-ricerca\/patologie\/sindrome-di-guillain-barre\/#breadcrumb"},"inLanguage":"en-US","potentialAction":[{"@type":"ReadAction","target":["https:\/\/www.centrocliniconemo.it\/en\/cura-e-ricerca\/patologie\/sindrome-di-guillain-barre\/"]}]},{"@type":"BreadcrumbList","@id":"https:\/\/www.centrocliniconemo.it\/en\/cura-e-ricerca\/patologie\/sindrome-di-guillain-barre\/#breadcrumb","itemListElement":[{"@type":"ListItem","position":1,"name":"Home","item":"https:\/\/www.centrocliniconemo.it\/en\/"},{"@type":"ListItem","position":2,"name":"Pathologies","item":"https:\/\/www.centrocliniconemo.it\/en\/care-and-research\/pathologies\/"},{"@type":"ListItem","position":3,"name":"Sindrome di Guillain-Barré"}]},{"@type":"WebSite","@id":"https:\/\/www.centrocliniconemo.it\/en\/#website","url":"https:\/\/www.centrocliniconemo.it\/en\/","name":"Centro Clinico NeMO","description":"Il paziente al centro","publisher":{"@id":"https:\/\/www.centrocliniconemo.it\/en\/#organization"},"potentialAction":[{"@type":"SearchAction","target":{"@type":"EntryPoint","urlTemplate":"https:\/\/www.centrocliniconemo.it\/en\/?s={search_term_string}"},"query-input":{"@type":"PropertyValueSpecification","valueRequired":true,"valueName":"search_term_string"}}],"inLanguage":"en-US"},{"@type":"Organization","@id":"https:\/\/www.centrocliniconemo.it\/en\/#organization","name":"Centro Clinico NeMO - Fondazione Serena Onlus","url":"https:\/\/www.centrocliniconemo.it\/en\/","logo":{"@type":"ImageObject","inLanguage":"en-US","@id":"https:\/\/www.centrocliniconemo.it\/en\/#\/schema\/logo\/image\/","url":"https:\/\/www.centrocliniconemo.it\/wp-content\/uploads\/2023\/03\/logo-nemo.svg","contentUrl":"https:\/\/www.centrocliniconemo.it\/wp-content\/uploads\/2023\/03\/logo-nemo.svg","width":272,"height":109.142,"caption":"Centro Clinico NeMO - Fondazione Serena Onlus"},"image":{"@id":"https:\/\/www.centrocliniconemo.it\/en\/#\/schema\/logo\/image\/"},"sameAs":["https:\/\/www.facebook.com\/CentroNEMOItalia","https:\/\/x.com\/CentroNemo","https:\/\/www.linkedin.com\/company\/centrocliniconemo\/","https:\/\/www.instagram.com\/centrocliniconemo\/"]}]}</script>
<!-- / Yoast SEO plugin. -->

Sindrome di Guillain-Barré - Centro Clinico NeMO

La sindrome di Guillain-Barré è una malattia infiammatoria acuta dei nervi che causa debolezza muscolare e lieve perdita di sensibilità. La sua causa sembra essere di natura autoimmune. È la forma più comune di neuropatia infiammatoria acquisita e presenta diverse varianti. La maggior parte dei pazienti mostra una paralisi flaccida, con sintomi principalmente nella parte [&hellip;]
