{"id":5605,"date":"2023-05-18T10:48:50","date_gmt":"2023-05-18T10:48:50","guid":{"rendered":"https:\/\/www.centrocliniconemo.it\/?post_type=patologie&#038;p=5605"},"modified":"2023-09-26T16:45:31","modified_gmt":"2023-09-26T16:45:31","slug":"distrofia-facio-scapolo-omerale","status":"publish","type":"patologie","link":"https:\/\/www.centrocliniconemo.it\/en\/cura-e-ricerca\/patologie\/distrofia-facio-scapolo-omerale\/","title":{"rendered":"Distrofia Facio-Scapolo-Omerale"},"content":{"rendered":"\n<p>La Distrofia Muscolare Facio-Scapolo-Omerale (FSHD) \u00e8 la forma di malattia ereditaria muscolare dell\u2019adulto pi\u00f9 frequente dopo la distrofia miotonica di Steinert (DM1). Il termine con il quale \u00e8 designata fa riferimento alla caratteristica distribuzione del difetto di forza che interessa principalmente i muscoli della faccia (facio), delle spalle (scapolo) e delle braccia (omerale).<br>La genesi della FSHD \u00e8 controversa. Allo stato attuale, i ricercatori associano lo sviluppo della malattia all\u2019effetto tossico sulla cellula muscolare del prodotto del gene DUX4 (Double Homeobox 4) che viene espresso in maniera aberrante nei pazienti affetti.<br>I sintomi della FSHD possono variare notevolmente da persona a persona. Alcuni pazienti possono mantenere una buona funzionalit\u00e0 muscolare e una qualit\u00e0 di vita relativamente normale, mentre altri possono sviluppare una disabilit\u00e0 significativa che influenza le loro attivit\u00e0 quotidiane.<br>La debolezza muscolare con la caratteristica distribuzione \u00e8 indubbiamente il segnale clinico principale (difficolt\u00e0 nell&#8217;alzare le braccia, nel sollevare oggetti, nel sorridere o nel soffiare). Tuttavia, nel corso della malattia altri gruppi muscolari possono essere coinvolti. Si associano spesso, debolezza della muscolatura della gamba (piede cadente) e atrofia muscolare settoriale.<br>Attualmente non esiste una cura per la FSHD. Il trattamento mira alla gestione dei sintomi e al mantenimento delle funzioni muscolari residue al fine di assicurare la migliore qualit\u00e0 di vita possibile al paziente. La terapia fisica, l&#8217;assistenza respiratoria, gli ausili per la mobilit\u00e0 e la terapia occupazionale possono essere utili a questo scopo. La consulenza genetica \u00e8 utile per valutare il rischio di trasmissione della malattia alle future generazioni. La ricerca di base e la ricerca clinica in questo campo mirano a identificare terapie efficaci per il trattamento della FSHD e a migliorare la prognosi dei pazienti affetti.<\/p>\n","protected":false},"excerpt":{"rendered":"<p>La Distrofia Muscolare Facio-Scapolo-Omerale (FSHD) \u00e8 la forma di malattia ereditaria muscolare dell\u2019adulto pi\u00f9 frequente dopo la distrofia miotonica di Steinert (DM1). Il termine con il quale \u00e8 designata fa riferimento alla caratteristica distribuzione del difetto di forza che interessa principalmente i muscoli della faccia (facio), delle spalle (scapolo) e delle braccia (omerale).La genesi della [&hellip;]<\/p>\n","protected":false},"author":1,"featured_media":0,"menu_order":0,"template":"","format":"standard","meta":{"pgc_sgb_lightbox_settings":"","footnotes":""},"categoria-patologia":[],"class_list":["post-5605","patologie","type-patologie","status-publish","format-standard","hentry"],"yoast_head":"<!-- This site is optimized with the Yoast SEO plugin v27.4 - https:\/\/yoast.com\/product\/yoast-seo-wordpress\/ -->\n<title>Distrofia Facio-Scapolo-Omerale - Centro Clinico NeMO<\/title>\n<meta name=\"robots\" content=\"index, follow, max-snippet:-1, max-image-preview:large, max-video-preview:-1\" \/>\n<link rel=\"canonical\" href=\"https:\/\/www.centrocliniconemo.it\/en\/cura-e-ricerca\/patologie\/distrofia-facio-scapolo-omerale\/\" \/>\n<meta property=\"og:locale\" content=\"en_US\" \/>\n<meta property=\"og:type\" content=\"article\" \/>\n<meta property=\"og:title\" content=\"Distrofia Facio-Scapolo-Omerale - Centro Clinico NeMO\" \/>\n<meta property=\"og:description\" content=\"La Distrofia Muscolare Facio-Scapolo-Omerale (FSHD) \u00e8 la forma di malattia ereditaria muscolare dell\u2019adulto pi\u00f9 frequente dopo la distrofia miotonica di Steinert (DM1). Il termine con il quale \u00e8 designata fa riferimento alla caratteristica distribuzione del difetto di forza che interessa principalmente i muscoli della faccia (facio), delle spalle (scapolo) e delle braccia (omerale).La genesi della [&hellip;]\" \/>\n<meta property=\"og:url\" content=\"https:\/\/www.centrocliniconemo.it\/en\/cura-e-ricerca\/patologie\/distrofia-facio-scapolo-omerale\/\" \/>\n<meta property=\"og:site_name\" content=\"Centro Clinico NeMO\" \/>\n<meta property=\"article:publisher\" content=\"https:\/\/www.facebook.com\/CentroNEMOItalia\" \/>\n<meta property=\"article:modified_time\" content=\"2023-09-26T16:45:31+00:00\" \/>\n<meta property=\"og:image\" content=\"https:\/\/www.centrocliniconemo.it\/wp-content\/uploads\/2023\/07\/prevsoc.jpg\" \/>\n\t<meta property=\"og:image:width\" content=\"1200\" \/>\n\t<meta property=\"og:image:height\" content=\"630\" \/>\n\t<meta property=\"og:image:type\" content=\"image\/jpeg\" \/>\n<meta name=\"twitter:card\" content=\"summary_large_image\" \/>\n<meta name=\"twitter:site\" content=\"@CentroNemo\" \/>\n<meta name=\"twitter:label1\" content=\"Est. reading time\" \/>\n\t<meta name=\"twitter:data1\" content=\"1 minute\" \/>\n<script type=\"application\/ld+json\" class=\"yoast-schema-graph\">{\"@context\":\"https:\\\/\\\/schema.org\",\"@graph\":[{\"@type\":\"WebPage\",\"@id\":\"https:\\\/\\\/www.centrocliniconemo.it\\\/en\\\/cura-e-ricerca\\\/patologie\\\/distrofia-facio-scapolo-omerale\\\/\",\"url\":\"https:\\\/\\\/www.centrocliniconemo.it\\\/en\\\/cura-e-ricerca\\\/patologie\\\/distrofia-facio-scapolo-omerale\\\/\",\"name\":\"Distrofia Facio-Scapolo-Omerale - Centro Clinico NeMO\",\"isPartOf\":{\"@id\":\"https:\\\/\\\/www.centrocliniconemo.it\\\/en\\\/#website\"},\"datePublished\":\"2023-05-18T10:48:50+00:00\",\"dateModified\":\"2023-09-26T16:45:31+00:00\",\"breadcrumb\":{\"@id\":\"https:\\\/\\\/www.centrocliniconemo.it\\\/en\\\/cura-e-ricerca\\\/patologie\\\/distrofia-facio-scapolo-omerale\\\/#breadcrumb\"},\"inLanguage\":\"en-US\",\"potentialAction\":[{\"@type\":\"ReadAction\",\"target\":[\"https:\\\/\\\/www.centrocliniconemo.it\\\/en\\\/cura-e-ricerca\\\/patologie\\\/distrofia-facio-scapolo-omerale\\\/\"]}]},{\"@type\":\"BreadcrumbList\",\"@id\":\"https:\\\/\\\/www.centrocliniconemo.it\\\/en\\\/cura-e-ricerca\\\/patologie\\\/distrofia-facio-scapolo-omerale\\\/#breadcrumb\",\"itemListElement\":[{\"@type\":\"ListItem\",\"position\":1,\"name\":\"Home\",\"item\":\"https:\\\/\\\/www.centrocliniconemo.it\\\/en\\\/\"},{\"@type\":\"ListItem\",\"position\":2,\"name\":\"Pathologies\",\"item\":\"https:\\\/\\\/www.centrocliniconemo.it\\\/en\\\/care-and-research\\\/pathologies\\\/\"},{\"@type\":\"ListItem\",\"position\":3,\"name\":\"Distrofia Facio-Scapolo-Omerale\"}]},{\"@type\":\"WebSite\",\"@id\":\"https:\\\/\\\/www.centrocliniconemo.it\\\/en\\\/#website\",\"url\":\"https:\\\/\\\/www.centrocliniconemo.it\\\/en\\\/\",\"name\":\"Centro Clinico NeMO\",\"description\":\"Il paziente al centro\",\"publisher\":{\"@id\":\"https:\\\/\\\/www.centrocliniconemo.it\\\/en\\\/#organization\"},\"potentialAction\":[{\"@type\":\"SearchAction\",\"target\":{\"@type\":\"EntryPoint\",\"urlTemplate\":\"https:\\\/\\\/www.centrocliniconemo.it\\\/en\\\/?s={search_term_string}\"},\"query-input\":{\"@type\":\"PropertyValueSpecification\",\"valueRequired\":true,\"valueName\":\"search_term_string\"}}],\"inLanguage\":\"en-US\"},{\"@type\":\"Organization\",\"@id\":\"https:\\\/\\\/www.centrocliniconemo.it\\\/en\\\/#organization\",\"name\":\"Centro Clinico NeMO - Fondazione Serena Onlus\",\"url\":\"https:\\\/\\\/www.centrocliniconemo.it\\\/en\\\/\",\"logo\":{\"@type\":\"ImageObject\",\"inLanguage\":\"en-US\",\"@id\":\"https:\\\/\\\/www.centrocliniconemo.it\\\/en\\\/#\\\/schema\\\/logo\\\/image\\\/\",\"url\":\"https:\\\/\\\/www.centrocliniconemo.it\\\/wp-content\\\/uploads\\\/2023\\\/03\\\/logo-nemo.svg\",\"contentUrl\":\"https:\\\/\\\/www.centrocliniconemo.it\\\/wp-content\\\/uploads\\\/2023\\\/03\\\/logo-nemo.svg\",\"width\":272,\"height\":109.142,\"caption\":\"Centro Clinico NeMO - Fondazione Serena Onlus\"},\"image\":{\"@id\":\"https:\\\/\\\/www.centrocliniconemo.it\\\/en\\\/#\\\/schema\\\/logo\\\/image\\\/\"},\"sameAs\":[\"https:\\\/\\\/www.facebook.com\\\/CentroNEMOItalia\",\"https:\\\/\\\/x.com\\\/CentroNemo\",\"https:\\\/\\\/www.linkedin.com\\\/company\\\/centrocliniconemo\\\/\",\"https:\\\/\\\/www.instagram.com\\\/centrocliniconemo\\\/\"]}]}<\/script>\n<!-- \/ Yoast SEO plugin. -->","yoast_head_json":{"title":"Distrofia Facio-Scapolo-Omerale - Centro Clinico NeMO","robots":{"index":"index","follow":"follow","max-snippet":"max-snippet:-1","max-image-preview":"max-image-preview:large","max-video-preview":"max-video-preview:-1"},"canonical":"https:\/\/www.centrocliniconemo.it\/en\/cura-e-ricerca\/patologie\/distrofia-facio-scapolo-omerale\/","og_locale":"en_US","og_type":"article","og_title":"Distrofia Facio-Scapolo-Omerale - Centro Clinico NeMO","og_description":"La Distrofia Muscolare Facio-Scapolo-Omerale (FSHD) \u00e8 la forma di malattia ereditaria muscolare dell\u2019adulto pi\u00f9 frequente dopo la distrofia miotonica di Steinert (DM1). Il termine con il quale \u00e8 designata fa riferimento alla caratteristica distribuzione del difetto di forza che interessa principalmente i muscoli della faccia (facio), delle spalle (scapolo) e delle braccia (omerale).La genesi della [&hellip;]","og_url":"https:\/\/www.centrocliniconemo.it\/en\/cura-e-ricerca\/patologie\/distrofia-facio-scapolo-omerale\/","og_site_name":"Centro Clinico NeMO","article_publisher":"https:\/\/www.facebook.com\/CentroNEMOItalia","article_modified_time":"2023-09-26T16:45:31+00:00","og_image":[{"width":1200,"height":630,"url":"https:\/\/www.centrocliniconemo.it\/wp-content\/uploads\/2023\/07\/prevsoc.jpg","type":"image\/jpeg"}],"twitter_card":"summary_large_image","twitter_site":"@CentroNemo","twitter_misc":{"Est. reading time":"1 minute"},"schema":{"@context":"https:\/\/schema.org","@graph":[{"@type":"WebPage","@id":"https:\/\/www.centrocliniconemo.it\/en\/cura-e-ricerca\/patologie\/distrofia-facio-scapolo-omerale\/","url":"https:\/\/www.centrocliniconemo.it\/en\/cura-e-ricerca\/patologie\/distrofia-facio-scapolo-omerale\/","name":"Distrofia Facio-Scapolo-Omerale - Centro Clinico NeMO","isPartOf":{"@id":"https:\/\/www.centrocliniconemo.it\/en\/#website"},"datePublished":"2023-05-18T10:48:50+00:00","dateModified":"2023-09-26T16:45:31+00:00","breadcrumb":{"@id":"https:\/\/www.centrocliniconemo.it\/en\/cura-e-ricerca\/patologie\/distrofia-facio-scapolo-omerale\/#breadcrumb"},"inLanguage":"en-US","potentialAction":[{"@type":"ReadAction","target":["https:\/\/www.centrocliniconemo.it\/en\/cura-e-ricerca\/patologie\/distrofia-facio-scapolo-omerale\/"]}]},{"@type":"BreadcrumbList","@id":"https:\/\/www.centrocliniconemo.it\/en\/cura-e-ricerca\/patologie\/distrofia-facio-scapolo-omerale\/#breadcrumb","itemListElement":[{"@type":"ListItem","position":1,"name":"Home","item":"https:\/\/www.centrocliniconemo.it\/en\/"},{"@type":"ListItem","position":2,"name":"Pathologies","item":"https:\/\/www.centrocliniconemo.it\/en\/care-and-research\/pathologies\/"},{"@type":"ListItem","position":3,"name":"Distrofia Facio-Scapolo-Omerale"}]},{"@type":"WebSite","@id":"https:\/\/www.centrocliniconemo.it\/en\/#website","url":"https:\/\/www.centrocliniconemo.it\/en\/","name":"Centro Clinico NeMO","description":"Il paziente al centro","publisher":{"@id":"https:\/\/www.centrocliniconemo.it\/en\/#organization"},"potentialAction":[{"@type":"SearchAction","target":{"@type":"EntryPoint","urlTemplate":"https:\/\/www.centrocliniconemo.it\/en\/?s={search_term_string}"},"query-input":{"@type":"PropertyValueSpecification","valueRequired":true,"valueName":"search_term_string"}}],"inLanguage":"en-US"},{"@type":"Organization","@id":"https:\/\/www.centrocliniconemo.it\/en\/#organization","name":"Centro Clinico NeMO - Fondazione Serena Onlus","url":"https:\/\/www.centrocliniconemo.it\/en\/","logo":{"@type":"ImageObject","inLanguage":"en-US","@id":"https:\/\/www.centrocliniconemo.it\/en\/#\/schema\/logo\/image\/","url":"https:\/\/www.centrocliniconemo.it\/wp-content\/uploads\/2023\/03\/logo-nemo.svg","contentUrl":"https:\/\/www.centrocliniconemo.it\/wp-content\/uploads\/2023\/03\/logo-nemo.svg","width":272,"height":109.142,"caption":"Centro Clinico NeMO - Fondazione Serena Onlus"},"image":{"@id":"https:\/\/www.centrocliniconemo.it\/en\/#\/schema\/logo\/image\/"},"sameAs":["https:\/\/www.facebook.com\/CentroNEMOItalia","https:\/\/x.com\/CentroNemo","https:\/\/www.linkedin.com\/company\/centrocliniconemo\/","https:\/\/www.instagram.com\/centrocliniconemo\/"]}]}},"_links":{"self":[{"href":"https:\/\/www.centrocliniconemo.it\/en\/wp-json\/wp\/v2\/patologie\/5605","targetHints":{"allow":["GET"]}}],"collection":[{"href":"https:\/\/www.centrocliniconemo.it\/en\/wp-json\/wp\/v2\/patologie"}],"about":[{"href":"https:\/\/www.centrocliniconemo.it\/en\/wp-json\/wp\/v2\/types\/patologie"}],"author":[{"embeddable":true,"href":"https:\/\/www.centrocliniconemo.it\/en\/wp-json\/wp\/v2\/users\/1"}],"version-history":[{"count":0,"href":"https:\/\/www.centrocliniconemo.it\/en\/wp-json\/wp\/v2\/patologie\/5605\/revisions"}],"wp:attachment":[{"href":"https:\/\/www.centrocliniconemo.it\/en\/wp-json\/wp\/v2\/media?parent=5605"}],"wp:term":[{"taxonomy":"categoria-patologia","embeddable":true,"href":"https:\/\/www.centrocliniconemo.it\/en\/wp-json\/wp\/v2\/categoria-patologia?post=5605"}],"curies":[{"name":"wp","href":"https:\/\/api.w.org\/{rel}","templated":true}]}}

<p>La Distrofia Muscolare Facio-Scapolo-Omerale (FSHD) è la forma di malattia ereditaria muscolare dell’adulto più frequente dopo la distrofia miotonica di Steinert (DM1). Il termine con il quale è designata fa riferimento alla caratteristica distribuzione del difetto di forza che interessa principalmente i muscoli della faccia (facio), delle spalle (scapolo) e delle braccia (omerale).<br>La genesi della FSHD è controversa. Allo stato attuale, i ricercatori associano lo sviluppo della malattia all’effetto tossico sulla cellula muscolare del prodotto del gene DUX4 (Double Homeobox 4) che viene espresso in maniera aberrante nei pazienti affetti.<br>I sintomi della FSHD possono variare notevolmente da persona a persona. Alcuni pazienti possono mantenere una buona funzionalità muscolare e una qualità di vita relativamente normale, mentre altri possono sviluppare una disabilità significativa che influenza le loro attività quotidiane.<br>La debolezza muscolare con la caratteristica distribuzione è indubbiamente il segnale clinico principale (difficoltà nell&#8217;alzare le braccia, nel sollevare oggetti, nel sorridere o nel soffiare). Tuttavia, nel corso della malattia altri gruppi muscolari possono essere coinvolti. Si associano spesso, debolezza della muscolatura della gamba (piede cadente) e atrofia muscolare settoriale.<br>Attualmente non esiste una cura per la FSHD. Il trattamento mira alla gestione dei sintomi e al mantenimento delle funzioni muscolari residue al fine di assicurare la migliore qualità di vita possibile al paziente. La terapia fisica, l&#8217;assistenza respiratoria, gli ausili per la mobilità e la terapia occupazionale possono essere utili a questo scopo. La consulenza genetica è utile per valutare il rischio di trasmissione della malattia alle future generazioni. La ricerca di base e la ricerca clinica in questo campo mirano a identificare terapie efficaci per il trattamento della FSHD e a migliorare la prognosi dei pazienti affetti.</p>

<p>La Distrofia Muscolare Facio-Scapolo-Omerale (FSHD) è la forma di malattia ereditaria muscolare dell’adulto più frequente dopo la distrofia miotonica di Steinert (DM1). Il termine con il quale è designata fa riferimento alla caratteristica distribuzione del difetto di forza che interessa principalmente i muscoli della faccia (facio), delle spalle (scapolo) e delle braccia (omerale).La genesi della [&hellip;]</p>

<!-- This site is optimized with the Yoast SEO plugin v27.4 - https://yoast.com/product/yoast-seo-wordpress/ -->
<title>Distrofia Facio-Scapolo-Omerale - Centro Clinico NeMO</title>
<meta name="robots" content="index, follow, max-snippet:-1, max-image-preview:large, max-video-preview:-1" />
<link rel="canonical" href="https://www.centrocliniconemo.it/en/cura-e-ricerca/patologie/distrofia-facio-scapolo-omerale/" />
<meta property="og:locale" content="en_US" />
<meta property="og:type" content="article" />
<meta property="og:title" content="Distrofia Facio-Scapolo-Omerale - Centro Clinico NeMO" />
<meta property="og:description" content="La Distrofia Muscolare Facio-Scapolo-Omerale (FSHD) è la forma di malattia ereditaria muscolare dell’adulto più frequente dopo la distrofia miotonica di Steinert (DM1). Il termine con il quale è designata fa riferimento alla caratteristica distribuzione del difetto di forza che interessa principalmente i muscoli della faccia (facio), delle spalle (scapolo) e delle braccia (omerale).La genesi della [&hellip;]" />
<meta property="og:url" content="https://www.centrocliniconemo.it/en/cura-e-ricerca/patologie/distrofia-facio-scapolo-omerale/" />
<meta property="og:site_name" content="Centro Clinico NeMO" />
<meta property="article:publisher" content="https://www.facebook.com/CentroNEMOItalia" />
<meta property="article:modified_time" content="2023-09-26T16:45:31+00:00" />
<meta property="og:image" content="https://www.centrocliniconemo.it/wp-content/uploads/2023/07/prevsoc.jpg" />
	<meta property="og:image:width" content="1200" />
	<meta property="og:image:height" content="630" />
	<meta property="og:image:type" content="image/jpeg" />
<meta name="twitter:card" content="summary_large_image" />
<meta name="twitter:site" content="@CentroNemo" />
<meta name="twitter:label1" content="Est. reading time" />
	<meta name="twitter:data1" content="1 minute" />
<script type="application/ld+json" class="yoast-schema-graph">{"@context":"https:\/\/schema.org","@graph":[{"@type":"WebPage","@id":"https:\/\/www.centrocliniconemo.it\/en\/cura-e-ricerca\/patologie\/distrofia-facio-scapolo-omerale\/","url":"https:\/\/www.centrocliniconemo.it\/en\/cura-e-ricerca\/patologie\/distrofia-facio-scapolo-omerale\/","name":"Distrofia Facio-Scapolo-Omerale - Centro Clinico NeMO","isPartOf":{"@id":"https:\/\/www.centrocliniconemo.it\/en\/#website"},"datePublished":"2023-05-18T10:48:50+00:00","dateModified":"2023-09-26T16:45:31+00:00","breadcrumb":{"@id":"https:\/\/www.centrocliniconemo.it\/en\/cura-e-ricerca\/patologie\/distrofia-facio-scapolo-omerale\/#breadcrumb"},"inLanguage":"en-US","potentialAction":[{"@type":"ReadAction","target":["https:\/\/www.centrocliniconemo.it\/en\/cura-e-ricerca\/patologie\/distrofia-facio-scapolo-omerale\/"]}]},{"@type":"BreadcrumbList","@id":"https:\/\/www.centrocliniconemo.it\/en\/cura-e-ricerca\/patologie\/distrofia-facio-scapolo-omerale\/#breadcrumb","itemListElement":[{"@type":"ListItem","position":1,"name":"Home","item":"https:\/\/www.centrocliniconemo.it\/en\/"},{"@type":"ListItem","position":2,"name":"Pathologies","item":"https:\/\/www.centrocliniconemo.it\/en\/care-and-research\/pathologies\/"},{"@type":"ListItem","position":3,"name":"Distrofia Facio-Scapolo-Omerale"}]},{"@type":"WebSite","@id":"https:\/\/www.centrocliniconemo.it\/en\/#website","url":"https:\/\/www.centrocliniconemo.it\/en\/","name":"Centro Clinico NeMO","description":"Il paziente al centro","publisher":{"@id":"https:\/\/www.centrocliniconemo.it\/en\/#organization"},"potentialAction":[{"@type":"SearchAction","target":{"@type":"EntryPoint","urlTemplate":"https:\/\/www.centrocliniconemo.it\/en\/?s={search_term_string}"},"query-input":{"@type":"PropertyValueSpecification","valueRequired":true,"valueName":"search_term_string"}}],"inLanguage":"en-US"},{"@type":"Organization","@id":"https:\/\/www.centrocliniconemo.it\/en\/#organization","name":"Centro Clinico NeMO - Fondazione Serena Onlus","url":"https:\/\/www.centrocliniconemo.it\/en\/","logo":{"@type":"ImageObject","inLanguage":"en-US","@id":"https:\/\/www.centrocliniconemo.it\/en\/#\/schema\/logo\/image\/","url":"https:\/\/www.centrocliniconemo.it\/wp-content\/uploads\/2023\/03\/logo-nemo.svg","contentUrl":"https:\/\/www.centrocliniconemo.it\/wp-content\/uploads\/2023\/03\/logo-nemo.svg","width":272,"height":109.142,"caption":"Centro Clinico NeMO - Fondazione Serena Onlus"},"image":{"@id":"https:\/\/www.centrocliniconemo.it\/en\/#\/schema\/logo\/image\/"},"sameAs":["https:\/\/www.facebook.com\/CentroNEMOItalia","https:\/\/x.com\/CentroNemo","https:\/\/www.linkedin.com\/company\/centrocliniconemo\/","https:\/\/www.instagram.com\/centrocliniconemo\/"]}]}</script>
<!-- / Yoast SEO plugin. -->

La Distrofia Muscolare Facio-Scapolo-Omerale (FSHD) è la forma di malattia ereditaria muscolare dell’adulto più frequente dopo la distrofia miotonica di Steinert (DM1). Il termine con il quale è designata fa riferimento alla caratteristica distribuzione del difetto di forza che interessa principalmente i muscoli della faccia (facio), delle spalle (scapolo) e delle braccia (omerale).La genesi della [&hellip;]
